{"id":431,"date":"2024-01-06T20:48:25","date_gmt":"2024-01-06T19:48:25","guid":{"rendered":"https:\/\/mssasociados.com\/usa\/?page_id=431"},"modified":"2025-11-09T10:30:23","modified_gmt":"2025-11-09T15:30:23","slug":"cursos-de-taxes","status":"publish","type":"page","link":"https:\/\/mssasociados.com\/usa\/cursos-de-taxes\/","title":{"rendered":"Curso de Taxes Personales (Preparaci\u00f3n de Impuestos en EE.UU.)"},"content":{"rendered":"<div class=\"wpb-content-wrapper\"><p>[vc_row full_width=&#8221;stretch_row_content&#8221; content_placement=&#8221;middle&#8221; css=&#8221;.vc_custom_1704607132144{padding-top: 60px !important;padding-bottom: 30px !important;}&#8221;][vc_column][vc_custom_heading source=&#8221;post_title&#8221; font_container=&#8221;tag:h1|text_align:center&#8221; use_theme_fonts=&#8221;yes&#8221;][\/vc_column][\/vc_row][vc_row text_shadow=&#8221;no-shadow&#8221; inner_shadow=&#8221;no-shadow&#8221; width=&#8221;padded&#8221; class=&#8221;texto-20&#8243; overlay_opacity=&#8221;0&#8243; overlay_grid=&#8221;0&#8243; background_image_size=&#8221;cover&#8221; background_image_repeat=&#8221;no-repeat&#8221; background_position_vertical=&#8221;0&#8243; background_image_attachment=&#8221;scroll&#8221; background_image_parallax=&#8221;off&#8221; background_image_parallax_start=&#8221;0&#8243; background_image_parallax_end=&#8221;-80&#8243; height=&#8221;normal&#8221; transparency=&#8221;opaque&#8221; vertical_alignment=&#8221;default&#8221;][vc_column][vc_separator color=&#8221;blue&#8221; border_width=&#8221;2&#8243;][vc_column_text text_columns=&#8221;col-text-1&#8243; text_color=&#8221;text-normal&#8221; margin_top=&#8221;20&#8243; margin_bottom=&#8221;20&#8243; scroll_animation=&#8221;none&#8221; scroll_animation_delay=&#8221;0&#8243; css=&#8221;.vc_custom_1762702208885{margin-bottom: 20px !important;}&#8221;]<\/p>\n<ul class=\"elementor-icon-list-items\">\n<li data-start=\"316\" data-end=\"377\">\n<p data-start=\"318\" data-end=\"377\">Introducci\u00f3n al sistema tributario de los Estados Unidos.<\/p>\n<\/li>\n<li data-start=\"378\" data-end=\"458\">\n<p data-start=\"380\" data-end=\"458\">Identificaci\u00f3n de los tipos de ingresos y deducciones permitidas por el IRS.<\/p>\n<\/li>\n<li data-start=\"459\" data-end=\"548\">\n<p data-start=\"461\" data-end=\"548\">An\u00e1lisis del Formulario 1040 y sus anexos principales (Schedule A, B, C, D, E, etc.).<\/p>\n<\/li>\n<li data-start=\"549\" data-end=\"620\">\n<p data-start=\"551\" data-end=\"620\">Elaboraci\u00f3n de declaraciones de impuestos individuales paso a paso.<\/p>\n<\/li>\n<li data-start=\"621\" data-end=\"722\">\n<p data-start=\"623\" data-end=\"722\">Ejercicios pr\u00e1cticos con formularios reales del IRS (W-2, 1099-NEC, 1099-INT, 1098, entre otros).<\/p>\n<\/li>\n<li data-start=\"723\" data-end=\"801\">\n<p data-start=\"725\" data-end=\"801\">Aplicaci\u00f3n de la deducci\u00f3n est\u00e1ndar 2025 y actualizaciones de la Ley OBBB.<\/p>\n<\/li>\n<li data-start=\"802\" data-end=\"907\">\n<p data-start=\"804\" data-end=\"907\">C\u00e1lculo de cr\u00e9ditos fiscales m\u00e1s comunes (Child Tax Credit, EITC, American Opportunity Credit, etc.).<\/p>\n<\/li>\n<li data-start=\"908\" data-end=\"992\">\n<p data-start=\"910\" data-end=\"992\">Uso de software profesional para la preparaci\u00f3n y presentaci\u00f3n de declaraciones.<\/p>\n<\/li>\n<li data-start=\"993\" data-end=\"1084\">\n<p data-start=\"995\" data-end=\"1084\">Orientaci\u00f3n sobre obtenci\u00f3n y renovaci\u00f3n del PTIN (Preparer Tax Identification Number).<\/p>\n<\/li>\n<li data-start=\"1085\" data-end=\"1146\">\n<p data-start=\"1087\" data-end=\"1146\">Certificaci\u00f3n de participaci\u00f3n y material digital incluido.<\/p>\n<\/li>\n<\/ul>\n<p>[\/vc_column_text][vc_separator color=&#8221;blue&#8221; border_width=&#8221;2&#8243;][vc_btn title=&#8221;Cont\u00e1ctanos&#8221; style=&#8221;3d&#8221; color=&#8221;primary&#8221; size=&#8221;lg&#8221; align=&#8221;center&#8221; i_icon_fontawesome=&#8221;far fa-envelope&#8221; add_icon=&#8221;true&#8221; link=&#8221;url:https%3A%2F%2Fmssasociados.com%2Fusa%2Fcontact-us%2F|title:Cont%C3%A1ctanos&#8221;][\/vc_column][\/vc_row]<\/p>\n<\/div>","protected":false},"excerpt":{"rendered":"<p>[vc_row full_width=&#8221;stretch_row_content&#8221; content_placement=&#8221;middle&#8221; css=&#8221;.vc_custom_1704607132144{padding-top: 60px !important;padding-bottom: 30px !important;}&#8221;][vc_column][vc_custom_heading source=&#8221;post_title&#8221; font_container=&#8221;tag:h1|text_align:center&#8221; use_theme_fonts=&#8221;yes&#8221;][\/vc_column][\/vc_row][vc_row text_shadow=&#8221;no-shadow&#8221; inner_shadow=&#8221;no-shadow&#8221; width=&#8221;padded&#8221; class=&#8221;texto-20&#8243; overlay_opacity=&#8221;0&#8243; overlay_grid=&#8221;0&#8243; background_image_size=&#8221;cover&#8221; background_image_repeat=&#8221;no-repeat&#8221; background_position_vertical=&#8221;0&#8243; background_image_attachment=&#8221;scroll&#8221; background_image_parallax=&#8221;off&#8221; background_image_parallax_start=&#8221;0&#8243; background_image_parallax_end=&#8221;-80&#8243; height=&#8221;normal&#8221; transparency=&#8221;opaque&#8221; vertical_alignment=&#8221;default&#8221;][vc_column][vc_separator color=&#8221;blue&#8221; border_width=&#8221;2&#8243;][vc_column_text text_columns=&#8221;col-text-1&#8243; text_color=&#8221;text-normal&#8221; margin_top=&#8221;20&#8243; margin_bottom=&#8221;20&#8243; scroll_animation=&#8221;none&#8221; scroll_animation_delay=&#8221;0&#8243; css=&#8221;.vc_custom_1762702208885{margin-bottom: 20px !important;}&#8221;] Introducci\u00f3n al sistema tributario de los Estados Unidos. Identificaci\u00f3n de los tipos de ingresos y deducciones permitidas&hellip;&nbsp;<a href=\"https:\/\/mssasociados.com\/usa\/cursos-de-taxes\/\" rel=\"bookmark\">Leer m\u00e1s &raquo;<span class=\"screen-reader-text\">Curso de Taxes Personales (Preparaci\u00f3n de Impuestos en EE.UU.)<\/span><\/a><\/p>\n","protected":false},"author":5475,"featured_media":0,"parent":0,"menu_order":0,"comment_status":"closed","ping_status":"closed","template":"","meta":{"neve_meta_sidebar":"","neve_meta_container":"","neve_meta_enable_content_width":"off","neve_meta_content_width":100,"neve_meta_title_alignment":"","neve_meta_author_avatar":"","neve_post_elements_order":"","neve_meta_disable_header":"","neve_meta_disable_footer":"","neve_meta_disable_title":"on","_themeisle_gutenberg_block_has_review":false,"footnotes":""},"class_list":["post-431","page","type-page","status-publish","hentry"],"yoast_head":"<!-- This site is optimized with the Yoast SEO plugin v24.9 - https:\/\/yoast.com\/wordpress\/plugins\/seo\/ -->\n<title>Curso de Taxes Personales (Preparaci\u00f3n de Impuestos en EE.UU.) - MSS &amp; Asociados - USA<\/title>\n<meta name=\"robots\" content=\"index, follow, max-snippet:-1, max-image-preview:large, max-video-preview:-1\" \/>\n<link rel=\"canonical\" href=\"https:\/\/mssasociados.com\/usa\/cursos-de-taxes\/\" \/>\n<meta property=\"og:locale\" content=\"es_ES\" \/>\n<meta property=\"og:type\" content=\"article\" \/>\n<meta property=\"og:title\" content=\"Curso de Taxes Personales (Preparaci\u00f3n de Impuestos en EE.UU.) - MSS &amp; Asociados - USA\" \/>\n<meta property=\"og:description\" content=\"[vc_row full_width=&#8221;stretch_row_content&#8221; content_placement=&#8221;middle&#8221; css=&#8221;.vc_custom_1704607132144{padding-top: 60px !important;padding-bottom: 30px !important;}&#8221;][vc_column][vc_custom_heading source=&#8221;post_title&#8221; font_container=&#8221;tag:h1|text_align:center&#8221; use_theme_fonts=&#8221;yes&#8221;][\/vc_column][\/vc_row][vc_row text_shadow=&#8221;no-shadow&#8221; inner_shadow=&#8221;no-shadow&#8221; width=&#8221;padded&#8221; class=&#8221;texto-20&#8243; overlay_opacity=&#8221;0&#8243; overlay_grid=&#8221;0&#8243; background_image_size=&#8221;cover&#8221; background_image_repeat=&#8221;no-repeat&#8221; background_position_vertical=&#8221;0&#8243; background_image_attachment=&#8221;scroll&#8221; background_image_parallax=&#8221;off&#8221; background_image_parallax_start=&#8221;0&#8243; background_image_parallax_end=&#8221;-80&#8243; height=&#8221;normal&#8221; transparency=&#8221;opaque&#8221; vertical_alignment=&#8221;default&#8221;][vc_column][vc_separator color=&#8221;blue&#8221; border_width=&#8221;2&#8243;][vc_column_text text_columns=&#8221;col-text-1&#8243; text_color=&#8221;text-normal&#8221; margin_top=&#8221;20&#8243; margin_bottom=&#8221;20&#8243; scroll_animation=&#8221;none&#8221; scroll_animation_delay=&#8221;0&#8243; css=&#8221;.vc_custom_1762702208885{margin-bottom: 20px !important;}&#8221;] Introducci\u00f3n al sistema tributario de los Estados Unidos. Identificaci\u00f3n de los tipos de ingresos y deducciones permitidas&hellip;&nbsp;Leer m\u00e1s &raquo;Curso de Taxes Personales (Preparaci\u00f3n de Impuestos en EE.UU.)\" \/>\n<meta property=\"og:url\" content=\"https:\/\/mssasociados.com\/usa\/cursos-de-taxes\/\" \/>\n<meta property=\"og:site_name\" content=\"MSS &amp; Asociados - USA\" \/>\n<meta property=\"article:modified_time\" content=\"2025-11-09T15:30:23+00:00\" \/>\n<meta name=\"twitter:card\" content=\"summary_large_image\" \/>\n<meta name=\"twitter:label1\" content=\"Tiempo de lectura\" \/>\n\t<meta name=\"twitter:data1\" content=\"1 minuto\" \/>\n<script type=\"application\/ld+json\" class=\"yoast-schema-graph\">{\"@context\":\"https:\/\/schema.org\",\"@graph\":[{\"@type\":\"WebPage\",\"@id\":\"https:\/\/mssasociados.com\/usa\/cursos-de-taxes\/\",\"url\":\"https:\/\/mssasociados.com\/usa\/cursos-de-taxes\/\",\"name\":\"Curso de Taxes Personales (Preparaci\u00f3n de Impuestos en EE.UU.) - MSS &amp; Asociados - USA\",\"isPartOf\":{\"@id\":\"https:\/\/mssasociados.com\/usa\/#website\"},\"datePublished\":\"2024-01-06T19:48:25+00:00\",\"dateModified\":\"2025-11-09T15:30:23+00:00\",\"breadcrumb\":{\"@id\":\"https:\/\/mssasociados.com\/usa\/cursos-de-taxes\/#breadcrumb\"},\"inLanguage\":\"es\",\"potentialAction\":[{\"@type\":\"ReadAction\",\"target\":[\"https:\/\/mssasociados.com\/usa\/cursos-de-taxes\/\"]}]},{\"@type\":\"BreadcrumbList\",\"@id\":\"https:\/\/mssasociados.com\/usa\/cursos-de-taxes\/#breadcrumb\",\"itemListElement\":[{\"@type\":\"ListItem\",\"position\":1,\"name\":\"Portada\",\"item\":\"https:\/\/mssasociados.com\/usa\/\"},{\"@type\":\"ListItem\",\"position\":2,\"name\":\"Curso de Taxes Personales (Preparaci\u00f3n de Impuestos en EE.UU.)\"}]},{\"@type\":\"WebSite\",\"@id\":\"https:\/\/mssasociados.com\/usa\/#website\",\"url\":\"https:\/\/mssasociados.com\/usa\/\",\"name\":\"MSS &amp; Asociados - USA\",\"description\":\"\",\"publisher\":{\"@id\":\"https:\/\/mssasociados.com\/usa\/#organization\"},\"potentialAction\":[{\"@type\":\"SearchAction\",\"target\":{\"@type\":\"EntryPoint\",\"urlTemplate\":\"https:\/\/mssasociados.com\/usa\/?s={search_term_string}\"},\"query-input\":{\"@type\":\"PropertyValueSpecification\",\"valueRequired\":true,\"valueName\":\"search_term_string\"}}],\"inLanguage\":\"es\"},{\"@type\":\"Organization\",\"@id\":\"https:\/\/mssasociados.com\/usa\/#organization\",\"name\":\"MSS &amp; Asociados - USA\",\"url\":\"https:\/\/mssasociados.com\/usa\/\",\"logo\":{\"@type\":\"ImageObject\",\"inLanguage\":\"es\",\"@id\":\"https:\/\/mssasociados.com\/usa\/#\/schema\/logo\/image\/\",\"url\":\"https:\/\/mssasociados.com\/usa\/wp-content\/uploads\/sites\/2\/2020\/12\/web-agency-logo-3.png\",\"contentUrl\":\"https:\/\/mssasociados.com\/usa\/wp-content\/uploads\/sites\/2\/2020\/12\/web-agency-logo-3.png\",\"width\":200,\"height\":200,\"caption\":\"MSS &amp; Asociados - USA\"},\"image\":{\"@id\":\"https:\/\/mssasociados.com\/usa\/#\/schema\/logo\/image\/\"}}]}<\/script>\n<!-- \/ Yoast SEO plugin. -->","yoast_head_json":{"title":"Curso de Taxes Personales (Preparaci\u00f3n de Impuestos en EE.UU.) - MSS &amp; Asociados - USA","robots":{"index":"index","follow":"follow","max-snippet":"max-snippet:-1","max-image-preview":"max-image-preview:large","max-video-preview":"max-video-preview:-1"},"canonical":"https:\/\/mssasociados.com\/usa\/cursos-de-taxes\/","og_locale":"es_ES","og_type":"article","og_title":"Curso de Taxes Personales (Preparaci\u00f3n de Impuestos en EE.UU.) - MSS &amp; Asociados - USA","og_description":"[vc_row full_width=&#8221;stretch_row_content&#8221; content_placement=&#8221;middle&#8221; css=&#8221;.vc_custom_1704607132144{padding-top: 60px !important;padding-bottom: 30px !important;}&#8221;][vc_column][vc_custom_heading source=&#8221;post_title&#8221; font_container=&#8221;tag:h1|text_align:center&#8221; use_theme_fonts=&#8221;yes&#8221;][\/vc_column][\/vc_row][vc_row text_shadow=&#8221;no-shadow&#8221; inner_shadow=&#8221;no-shadow&#8221; width=&#8221;padded&#8221; class=&#8221;texto-20&#8243; overlay_opacity=&#8221;0&#8243; overlay_grid=&#8221;0&#8243; background_image_size=&#8221;cover&#8221; background_image_repeat=&#8221;no-repeat&#8221; background_position_vertical=&#8221;0&#8243; background_image_attachment=&#8221;scroll&#8221; background_image_parallax=&#8221;off&#8221; background_image_parallax_start=&#8221;0&#8243; background_image_parallax_end=&#8221;-80&#8243; height=&#8221;normal&#8221; transparency=&#8221;opaque&#8221; vertical_alignment=&#8221;default&#8221;][vc_column][vc_separator color=&#8221;blue&#8221; border_width=&#8221;2&#8243;][vc_column_text text_columns=&#8221;col-text-1&#8243; text_color=&#8221;text-normal&#8221; margin_top=&#8221;20&#8243; margin_bottom=&#8221;20&#8243; scroll_animation=&#8221;none&#8221; scroll_animation_delay=&#8221;0&#8243; css=&#8221;.vc_custom_1762702208885{margin-bottom: 20px !important;}&#8221;] Introducci\u00f3n al sistema tributario de los Estados Unidos. Identificaci\u00f3n de los tipos de ingresos y deducciones permitidas&hellip;&nbsp;Leer m\u00e1s &raquo;Curso de Taxes Personales (Preparaci\u00f3n de Impuestos en EE.UU.)","og_url":"https:\/\/mssasociados.com\/usa\/cursos-de-taxes\/","og_site_name":"MSS &amp; Asociados - USA","article_modified_time":"2025-11-09T15:30:23+00:00","twitter_card":"summary_large_image","twitter_misc":{"Tiempo de lectura":"1 minuto"},"schema":{"@context":"https:\/\/schema.org","@graph":[{"@type":"WebPage","@id":"https:\/\/mssasociados.com\/usa\/cursos-de-taxes\/","url":"https:\/\/mssasociados.com\/usa\/cursos-de-taxes\/","name":"Curso de Taxes Personales (Preparaci\u00f3n de Impuestos en EE.UU.) - MSS &amp; Asociados - USA","isPartOf":{"@id":"https:\/\/mssasociados.com\/usa\/#website"},"datePublished":"2024-01-06T19:48:25+00:00","dateModified":"2025-11-09T15:30:23+00:00","breadcrumb":{"@id":"https:\/\/mssasociados.com\/usa\/cursos-de-taxes\/#breadcrumb"},"inLanguage":"es","potentialAction":[{"@type":"ReadAction","target":["https:\/\/mssasociados.com\/usa\/cursos-de-taxes\/"]}]},{"@type":"BreadcrumbList","@id":"https:\/\/mssasociados.com\/usa\/cursos-de-taxes\/#breadcrumb","itemListElement":[{"@type":"ListItem","position":1,"name":"Portada","item":"https:\/\/mssasociados.com\/usa\/"},{"@type":"ListItem","position":2,"name":"Curso de Taxes Personales (Preparaci\u00f3n de Impuestos en EE.UU.)"}]},{"@type":"WebSite","@id":"https:\/\/mssasociados.com\/usa\/#website","url":"https:\/\/mssasociados.com\/usa\/","name":"MSS &amp; Asociados - USA","description":"","publisher":{"@id":"https:\/\/mssasociados.com\/usa\/#organization"},"potentialAction":[{"@type":"SearchAction","target":{"@type":"EntryPoint","urlTemplate":"https:\/\/mssasociados.com\/usa\/?s={search_term_string}"},"query-input":{"@type":"PropertyValueSpecification","valueRequired":true,"valueName":"search_term_string"}}],"inLanguage":"es"},{"@type":"Organization","@id":"https:\/\/mssasociados.com\/usa\/#organization","name":"MSS &amp; Asociados - USA","url":"https:\/\/mssasociados.com\/usa\/","logo":{"@type":"ImageObject","inLanguage":"es","@id":"https:\/\/mssasociados.com\/usa\/#\/schema\/logo\/image\/","url":"https:\/\/mssasociados.com\/usa\/wp-content\/uploads\/sites\/2\/2020\/12\/web-agency-logo-3.png","contentUrl":"https:\/\/mssasociados.com\/usa\/wp-content\/uploads\/sites\/2\/2020\/12\/web-agency-logo-3.png","width":200,"height":200,"caption":"MSS &amp; Asociados - USA"},"image":{"@id":"https:\/\/mssasociados.com\/usa\/#\/schema\/logo\/image\/"}}]}},"jetpack_sharing_enabled":true,"_links":{"self":[{"href":"https:\/\/mssasociados.com\/usa\/wp-json\/wp\/v2\/pages\/431","targetHints":{"allow":["GET"]}}],"collection":[{"href":"https:\/\/mssasociados.com\/usa\/wp-json\/wp\/v2\/pages"}],"about":[{"href":"https:\/\/mssasociados.com\/usa\/wp-json\/wp\/v2\/types\/page"}],"author":[{"embeddable":true,"href":"https:\/\/mssasociados.com\/usa\/wp-json\/wp\/v2\/users\/5475"}],"replies":[{"embeddable":true,"href":"https:\/\/mssasociados.com\/usa\/wp-json\/wp\/v2\/comments?post=431"}],"version-history":[{"count":8,"href":"https:\/\/mssasociados.com\/usa\/wp-json\/wp\/v2\/pages\/431\/revisions"}],"predecessor-version":[{"id":14313,"href":"https:\/\/mssasociados.com\/usa\/wp-json\/wp\/v2\/pages\/431\/revisions\/14313"}],"wp:attachment":[{"href":"https:\/\/mssasociados.com\/usa\/wp-json\/wp\/v2\/media?parent=431"}],"curies":[{"name":"wp","href":"https:\/\/api.w.org\/{rel}","templated":true}]}}